 -3*f - 2*f. Is f a composite number?
True
Let g(k) = 3*k**3 + 3*k**2 + 3*k - 1. Let m(v) = -2*v**3 - 4*v**2 - 2*v + 2. Let x(y) = 3*g(y) + 4*m(y). Let q be x(4). Let s = q + 70. Is s composite?
False
Let p(u) = u + 33. Let y(f) = -f + 4*f + 0*f - 4*f + 3. Let b be y(3). Is p(b) prime?
False
Let b = 26 + 3. Is b/(-2)*(2 + -16) a composite number?
True
Suppose 3*n + 3*l - 34 = 539, 5*n + l - 955 = 0. Is n composite?
False
Suppose -2*j + 12 = 2*j. Suppose 3*v + 20 = s, s + 2*v = -4 - 1. Suppose -3*w - j*n = -33, s*w - 4*n - 37 - 9 = 0. Is w a prime number?
False
Is 10/15*1179/6 prime?
True
Suppose 0 = -3*k + 4*b - 0*b + 3, -2*b = -6. Suppose k*h - 3 + 23 = 0. Let x(y) = -2*y**3 + y**2 + 5. Is x(h) a composite number?
False
Let g(s) = 13*s**2 - 10*s - 9. Is g(-6) prime?
False
Suppose -1 + 13 = -3*d. Is (-8830)/(-50) - d/10 prime?
False
Suppose -40 = -2*v - 4*k + 74, -k + 1 = 0. Is v composite?
True
Let k be 179/3 + 6/(-9). Let l = k - 121. Is (-2 + 3)*-1*l composite?
True
Suppose t + 139 = -r - t, -4*r = -2*t + 606. Let d = r - -302. Suppose 48 - d = -3*q. Is q composite?
True
Let u(z) = z**2 + 11*z + 11. Let o be u(-14). Suppose -o = -2*k + 189. Is k prime?
False
Let f(c) = -293*c - 11. Is f(-5) composite?
True
Suppose 0*f + 2*f - 6 = 0. Suppose -5*w + 1890 = -5*s, 4*w + f*s + s = 1504. Is w a prime number?
False
Let t be 2/(-7) - (-2816)/56. Suppose 3*r - 61 = t. Is r prime?
True
Let b(c) = -9*c**2 - 2*c - 3*c**3 - 3 + 4*c**3 + 4 - 10. Is b(11) composite?
False
Let a be 7/(-3) + (-2)/3. Let h be 4/(-9)*a*3. Suppose -70 = h*d - 9*d. Is d a composite number?
True
Let c(d) = d**3 + 13*d**2 + 18*d + 6. Let j be c(-12). Let p = -123 + 238. Let g = p + j. Is g prime?
False
Let a = 303 - -112. Let k = -41 + 44. Suppose -2*p = k*p - a. Is p prime?
True
Suppose -3*l = -2*l + 128. Let q = l + 247. Is q a composite number?
True
Let g(h) = -34*h**3 + 2*h**2 + h. Is g(-1) a prime number?
False
Let z = -18 - -22. Suppose x - w - 4 = -3, z*w = -5*x + 23. Is x a prime number?
True
Let a(o) = 2*o**3 - 7*o**2 - 4*o - 1. Is a(6) composite?
True
Let j(u) = 4*u**2 - u - 1. Let a be j(-1). Suppose 4*y + 3*l = 537 + 47, a*y = -l + 592. Is y a prime number?
True
Suppose 121 = x - 2*x. Let b(p) = 9*p**2 - 3*p + 2. Let h be b(5). Let g = x + h. Is g a composite number?
True
Suppose 4*h - h - 101 = -v, -5*h - 275 = -3*v. Suppose 8*g - v = 3*g. Is g a prime number?
True
Let f(j) = 239*j**2 + 7*j - 1. Is f(-3) composite?
False
Suppose 0*g = 3*g - 1788. Suppose -5*m + g = -m. Is m a composite number?
False
Suppose -4 = 4*t + 4*l, -4*l = t + t + 6. Let d = 1 - t. Suppose d = b + 3*b - 220. Is b prime?
False
Let s(u) = 2*u**2 + 3*u + 43. Is s(0) a prime number?
True
Let q be 8*4/8 - 2. Suppose 4*x - 157 = -3*g, -5*x + 155 = 5*g - q*g. Is g composite?
True
Let l be -1 + (-3 - -11) + 1. Let m(y) = -6*y + 5. Let z be m(l). Let d = 78 + z. Is d a prime number?
False
Let p(j) = 4*j**2 + 2*j - 3. Let l be p(2). Let w = l - -98. Is w prime?
False
Suppose f - 64 = -21. Is f a composite number?
False
Let n be ((2 - -2) + 1)*1. Suppose 2*z = -4*d + 50, 5*z - n*d - 210 + 10 = 0. Is z prime?
False
Suppose 0*u = 5*u + 20. Let h be u/18 - (-2672)/36. Suppose -d = d - h. Is d prime?
True
Let q = -960 + 4810. Is 18/(-27) - q/(-6) composite?
False
Let k = -1 + -4. Let j be 0/k - (-2 - 0). Is (19/4)/(j/8) a prime number?
True
Let o = 0 - -4. Suppose p - 15 = -o*p. Is 188 - (-3*p)/3 prime?
True
Let p be ((-1)/2)/((-3)/24). Suppose 3*r - p*z - 98 - 83 = 0, 0 = 2*r + z - 106. Is r a prime number?
False
Is -111*((-7)/3 - -2) prime?
True
Let s(b) = 25*b**2 - 4*b. Let v(j) = 399*j**2 - 63*j. Let d(r) = -63*s(r) + 4*v(r). Is d(-1) prime?
False
Suppose -5*n = 0, -3*c + 185 = 2*c + 4*n. Is c a prime number?
True
Suppose 404 + 390 = 2*t. Is t composite?
False
Let w = -285 + 442. Is w prime?
True
Suppose -9 = -4*j - 1. Suppose -j*n + 3 = -1. Suppose h = n*d + 15, -11 = -0*h - h + 3*d. Is h a composite number?
False
Suppose 3*q = 151 + 422. Is q a composite number?
False
Let x(l) = 3*l - 4. Let f be x(3). Let m be (-250)/(1 + 2 - f). Let h = m - 48. Is h composite?
True
Suppose 0 = 3*c + 29 + 13. Is (-4)/c - (-267)/21 a composite number?
False
Let n = 189 + -112. Let q = n - -8. Is q a prime number?
False
Let h(r) = 5*r - 6 - 4*r**2 + 4*r**2 + 6*r**2. Is h(-5) a composite number?
True
Suppose l + 1 = 5. Suppose -n - n - 4*h + 304 = 0, -608 = -l*n - 3*h. Suppose -20 = -4*y + n. Is y prime?
True
Let x(h) = 42*h**3 - 4*h**2 - 5*h + 11. Is x(4) prime?
False
Let x(z) = 2*z**2 + 8*z - 5. Let k = -9 - -8. Let d be k*(3 - -1) - 2. Is x(d) composite?
False
Suppose -q = 3*q - 24. Suppose 4*d + q - 58 = 0. Is d a prime number?
True
Is (-74)/(-4)*(1 + 1) a prime number?
True
Suppose 4*l - 9 = -3*t, -18 = -4*t + 2*l - 6. Is 38*(t - 5/2) a composite number?
False
Let x(h) = -h**3 + 4*h**2 + 6*h - 4. Let t(b) = -b + 1. Let z(s) = -3*t(s) - x(s). Is z(6) a prime number?
False
Let b(n) = 5*n - 10*n**2 + 4*n + n**3 + 2 + 0*n. Let w(d) = d**3 - 4*d**2 - 2*d - 6. Let v be w(5). Is b(v) a prime number?
True
Let g(p) = 12*p**2 + 14*p + 27. Is g(-10) composite?
False
Let t be 13/3 + (-6)/(-9). Suppose y - t = -4*y. Is -44*(-2 - 0) + y a prime number?
True
Suppose -w = 4*h - 425, -709 = -2*w - h + 113. Is w a composite number?
False
Suppose 1062 = s - h, 5*s - 3*h - 3122 = 2198. Is s prime?
False
Let h(a) be the first derivative of 2*a**2 + 2*a + 1. Let c(j) = 2*j - 10. Let q be c(8). Is h(q) a composite number?
True
Let q be 0/1 - -56 - 0. Let s(g) = -3*g**3 - 8*g**2 + 2*g + 9. Let y be s(-6). Let k = y - q. Is k composite?
True
Suppose -1784 - 1044 = -4*r. Is r composite?
True
Let b = -195 - -286. Is b a composite number?
True
Let z(b) = 16*b**2 + b - 2*b + 20*b**2. Suppose 4*l + 5 = -5*w, -1 - 4 = 5*w - 5*l. Is z(w) a composite number?
False
Let n(r) = r**2 - 6*r + 2. Let g be n(6). Let p be 2/3*15/g. Let w(u) = 22*u - 7. Is w(p) prime?
True
Suppose 2*i + 0*i = -8. Let p be (-2)/5 - i/10. Suppose s + 3*b = 2*s - 39, 2*b = p. Is s composite?
True
Suppose -3*u + 2*u + 20 = -4*r, 3*r + 26 = -2*u. Let n be (-3)/((15/r)/5). Suppose x + n*d - 3*d - 19 = 0, 3*d - 27 = -3*x. Is x a composite number?
True
Is 1 - -2390 - ((-1 - 2) + 1) a prime number?
True
Is (-14 - 15)/(1/(-37)*1) composite?
True
Let q = 178 - 22. Suppose 0 = -w - 3*w + q. Is w a composite number?
True
Let p = 5468 + -3109. Is p prime?
False
Suppose -3*t + 2*v + 3*v + 599 = 0, t + 3*v = 209. Is t a prime number?
False
Let w = -2 - 3. Let v(b) = b**2 + 5*b + 7. Is v(w) a prime number?
True
Let p(n) = -n**2 + 13*n - 11. Is p(10) a prime number?
True
Suppose 556 = j + j - 3*y, 4*j - 1114 = 5*y. Let g = 412 - j. Is g composite?
False
Let u(l) be the second derivative of l**5/20 + l**4/12 - 7*l**3/6 + 2*l**2 + 10*l. Is u(7) a prime number?
True
Let j(b) = 0 + 0*b**2 + 5*b - 2 + 5*b**2. Let o(z) = z**3 + 5*z**2 - 5*z + 2. Let g be o(-6). Is j(g) a prime number?
False
Let f(q) = q**2 + 5*q + 3. Let m = -18 - -25. Let z = m + -13. Is f(z) a prime number?
False
Let z = 3 + 4. Let m(d) = d**3 - 6*d**2 + 10. Is m(z) a composite number?
False
Let f be (8/16)/(2/316). Let s = f - 48. Is s prime?
True
Suppose 3*u - t - 201 = 0, 3*u - 280 = -5*t - 79. Let j = 152 - u. Let b = j - 8. Is b a prime number?
False
Let t be 1 + (-1)/(-1) - 5. Let h(k) = -33*k**2 - 2*k - 2. Let j be h(t). Let a = j - -516. Is a a composite number?
False
Let a = -1 - -6. Suppose -182 = -a*q + 143. Suppose 4*r = 2*g + 44 + 186, -r + 2*g + q = 0. Is r prime?
False
Suppose 376 + 1536 = 8*a. Is a a prime number?
True
Let j(i) = 17*i - 6. Let o(p) = -6*p + 2. Let z(k) = 2*j(k) + 7*o(k). Let s be z(-4). Suppose 5*g - 419 = -s. Is g a prime number?
False
Suppose 0 = -5*r + d + 19, r + 3*r - 2*d = 20. Let v be -2 - (-7 + 1)/(4 - 3). Suppose 0 = v*w - 8, -x - r*w = -22 + 7. Is x a composite number?
True
Let y = 0 - 1. Is (105/6)/(y/(-2)) composite?
True
Let y(c) = 2*c**2 + 3*c. Let n be y(-2). Suppose -189 = -4*b - 3*r, 2*r + n*r = -4. Let v = b + -17. Is v a composite number?
False
Is 3793 - 0/(12/(-4)) prime?
True
Suppose -2*c - c + z - 35 = 0, -2*c - 4*z = 0. Is (-2769)/(-15) + (-4)/c a prime number?
False
Let y be (3/(-2) - 0)*2. Suppose 0 = -2*h + 4*d + 22, -h + 19 = -3*d + 3. Let i = h - y. Is i a composi